 + -8)).
2
Evaluate (-3 + 3 - -4) + 1.
5
What is the value of -3 + (1 - (-8 - (-3 - 0)))?
3
Evaluate (3 - (3 + -1)) + -2 - -2.
1
-2 - (-8 - (3 + -2))
7
Calculate (-3 - (-4 + -5)) + -3.
3
What is the value of 3 - 9 - -3 - -5?
2
What is the value of -5 + (2 - 0) + 4?
1
Evaluate 7 + (-1 + 8 - 21).
-7
Calculate -5 - (-1 + (3 - 11)).
4
What is the value of (-1 - 3) + (7 - (1 + 4))?
-2
What is the value of 19 - 14 - (6 + 1)?
-2
Calculate (-2 - -20 - 23) + 1 + -2.
-6
(24 - 30) + 1 + 6
1
Evaluate 7 + (8 - 12) - (3 - 1).
1
What is 4 + -2 + 5 + -10 + 2?
-1
What is (0 - 3) + -1 + -3?
-7
What is (-12 - -7) + 9 - 1?
3
What is the value of 3 - ((-11 - -18) + 0)?
-4
What is the value of 3 + 1 + (29 - 31)?
2
0 - (9 + -13 - 3)
7
Calculate 4 - (10 + 1 - (40 + -36)).
-3
Calculate 1 + (1 - (-1 + 3) - 2).
-2
Evaluate -10 - (-8 + -9 + 9).
-2
What is the value of -2 - (-7 - -3 - 2)?
4
Calculate 7 - (1 - 3 - -4 - -1).
4
What is -2 + -1 - 2 - (-51 + 47)?
-1
What is 5 + 3 + -13 - -6?
1
Calculate -1 + 1 + 4 + -4 + 2.
2
What is -51 + 51 + 1 + 5?
6
Calculate -47 - -50 - (-1 + -1 - 0).
5
What is the value of -11 + -4 + 3 - (18 + -20)?
-10
Calculate 14 + -1 + 0 + (3 - 9).
7
What is the value of -17 - 1 - (7 + -16)?
-9
Calculate 11 - (-3 - (1 + -7)).
8
(-4 - 5) + (9 - 2)
-2
Evaluate -1 - 0 - (13 - 17).
3
Evaluate -1 - 6 - -1 - (-5 + -6).
5
What is the value of (3 - (-2 + -2)) + -4?
3
Calculate 5 - (-6 + 5) - 2.
4
What is the value of (3 + 1 - 0) + 0?
4
0 - (9 + 1 - (9 - 4))
-5
Calculate (-2 - (-5 + 11)) + (-3 - -9).
-2
(2 - (11 - 6) - -1) + 3
1
What is 17 + -15 - (-1 + -2)?
5
Evaluate (-1 - -1 - 11) + (-120 - -126).
-5
What is the value of 17 + -1 + (56 - 69)?
3
Calculate -4 + -4 + 8 + -2.
-2
-12 + 21 + -1 + 0
8
Evaluate -8 + 2 + (-1 - 1) + 8.
0
What is the value of -4 - (-8 - 5) - 4?
5
-10 + (5 - (-8 - 3))
6
What is the value of 16 - ((-1 - -8) + 4)?
5
What is the value of -2 - (12 + -2 + -1 - 6)?
-5
What is (4 - (2 + 6)) + (-2 - -3)?
-3
What is 7 + -9 + 4 + -2?
0
2 + -12 - (20 + -26)
-4
What is (-3 - -1) + -61 + 64?
1
6 + -2 + (-12 - -1) + 7
0
What is -1 + 4 + 2 + (-4 - 0)?
1
What is the value of 10 + -10 - (-1 + 3)?
-2
Calculate (1 - -1) + (4 - 9).
-3
What is the value of -4 + -1 + -10 + (11 - 1)?
-5
Calculate (-9 - -2) + 2 + 2.
-3
Evaluate -4 - (-16 - (4 + -13)).
3
(-13 - -5) + 3 + 8
3
What is 1 + (4 + -1 - 4)?
0
Calculate 9 + (-9 - -4) + -6.
-2
What is the value of 0 + -6 + 5 - (-6 + -1)?
6
(-4 - (-1 + 1)) + (-2 - -7)
1
Calculate (2 - (-3 + 3)) + (1 - 2).
1
Evaluate -2 - (-6 + (-7 - -9)).
2
What is -8 + (1 - (1 + -4 + 1))?
-5
Calculate 1 + (0 - 1) - (-7 + 6).
1
(21 - 16) + (-2 - 0)
3
What is 7 + 2 + (-6 - -1)?
4
Evaluate (0 - -3) + (-28 - -25).
0
4 + (4 - (5 + -1))
4
Evaluate 9 + (6 - 3) + -12.
0
(-3 - (-4 + -5 + 15)) + 5
-4
(63 - 61) + 0 + -11
-9
What is 0 - (-7 + (1 - -3))?
3
What is 0 + 4 + 3 + -2?
5
What is -38 + 32 - (0 + -2)?
-4
(17 - 20) + (-3 - -12)
6
What is the value of 11 - (-13 - -11) - 7?
6
What is the value of 1 - 2 - (-25 + 20)?
4
Evaluate -7 - (0 - 3 - (10 - 6)).
0
Evaluate 2 + 0 + 5 - 2.
5
What is the value of 8 - (12 - (-12 + 10))?
-6
Evaluate 3 + -1 + -13 + 15 - 7.
-3
Calculate (6 + -3 - 9) + 6.
0
Evaluate 2 + -2 + 1 + (-3 - -2).
0
-6 + (1 + -1 - (-24 + 22))
-4
What is 3 + 4 - (-1 - (-3 - -3))?
8
Calculate 2 - 5 - -8 - 10.
-5
What is -3 + (-2 - (-8 + 3)) + 2?
2
Calculate (-4 + 3 - 3 - 0) + 0.
-4
Evaluate (-1 - -2) + (-8 - (3 + -5)).
-5
Calculate -4 + -3 + 11 + 1.
5
Evaluate (-11 + 4 - -3) + 8.
4
What is -7 - (7 - (2 - -13))?
1
What is the value of 0 - (5 + -2 + -1)?
-2
Evaluate (1 - -2) + -6 + 5 + -5.
-3
Evaluate -3 + -3 + 4 + -3.
-5
What is 0 + 2 + (3 - 3)?
2
Evaluate (-10 - -1) + 4 + (-11 - -14).
-2
What is 1 + (-1 - 1) + -4?
-5
What is -26 - -30 - (4 - (2 - 2))?
0
0 + -6 + 10 + -5
-1
(26 - 19) + (-1 - 3) - 0
3
What is the value of 1 - 10 - (-6 - 9)?
6
4 - (3 + 4 + -3)
0
What is -8 - -1 - (-48 - -38)?
3
Calculate -3 + -2 + -3 - -4.
-4
Calculate -4 + (0 - -2) - -3.
1
Evaluate 2 + (8 - (5 - -7)).
-2
Evaluate -2 - ((-1 - 1) + -1) - -2.
3
5 + (-7 - -2) - 3
-3
5 - -3 - (10 - (3 - -1))
2
What is the value of -10 + 4 + (-3 - -1 - -4)?
-4
-1 + -4 + -33 + 35
-3
What is -8 - (9 + (14 - 21))?
-10
Evaluate -27 + 26 + 1 + 4.
4
(9 - -6) + -8 - (14 + -5)
-2
What is the value of -1 + 3 - (11 + -8)?
-1
What is the value of 2 + 3 + 1 + -4?
2
Calculate -13 - -2 - (-70 + 51).
8
What is the value of 4 - (-6 + 5) - (3 - -6)?
-4
Evaluate 6 - (-1 - (1 - (0 - -5))).
3
What is the value of -1 + -3 - (-48 - -46)?
-2
0 + -6 + (-21 - -7) + 21
1
Calculate -2 + -6 + 9 + 6.
7
(-1 - -8) + -32 + 23
-2
What is (-3 - (3 + -8) - 2) + 4?
4
Evaluate 6 + (-1 - (-2 + 2)).
5
What is the value of 2 + (1 - (-1 + 2)) + -1?
1
What is -2 + (-9 + (-2 - 1) - -6)?
-8
Calculate (10 - 9) + (-5 - 1) - -10.
5
What is 4 + -4 + 2 - (-3 + 4)?
1
Calculate -41 + 47 + (-8 - (1 - 0)).
-3
Calculate -8 + (4 - 4 - -3).
-5
What is 6 + 5 + (0 - 11)?
0
Evaluate (6 - 6) + -2 + 4 + 1.
3
What is (-3 - -8) + 0 + -2 - -2?
5
Evaluate 7 + -10 + (-2 + 2 - -4).
1
Calculate -18 + (16 - 2) - 3.
-7
Evaluate (-7 - -4) + (3 - -5).
5
Calculate -11 + 28 + -12 - (0 - 2).
7
Evaluate (-4 - 1) + -1 + 6 + -3.
-3
What is the value of 16 + -13 - (0 + -2)?
5
Calculate (0 - (4 - 4)) + -3.
-3
Calculate 1 - (-9 - (-2 + -5)).
3
0 + -2 + 1 + (-20 - -21)
0
What is (7 + -2 - 1) + (16 - 15)?
5
Calculate 2 + (-1 - (-6 + 3) - -1).
5
4 + -3 + 3 - 4
0
Calculate (2 + -4 - 0) + (-5 - -6).
-1
Calculate -1 + -7 + (-5 - -8).
-5
Evaluate -3 - (-5 + 6 - 7).
3
Evaluate 9 - ((-3 - 2) + 10).
4
Calculate -4 - 2 - (4 + -3 + -9).
2
Evaluate -11 + 8 - (-1 + -5).
3
Evaluate -3 + 1 - -3 - 5 - 1.
-5
(1 + 3 - 3) + -2 + -1
-2
(-1 - (-2 - 5)) + (1 - 4)
3
Evaluate -1 + 7 + (-5 - (9 - 7)).
-1
What is the value of 4 - (6 - 5 - 0)?
3
1 + -13 + -3 + 9
-6
What is the value of (3 + -16 - -7) + (-1 - -3)?
-4
What is the value of -1 + -2 + -3 + 5?
-1
Evaluate (-7 - -4) + 0 + 1.
-2
What is -1 + -5 + 0 + 369 + -363?
0
Calculate -4 - (4 + -5 - 8) - 5.
0
What is 15 + -1 - (13 + 5)?
-4
What is the value of (1 - 5) + 10 + -12 - -7?
1
8 + (1 - (5 + 3))
1
What is the value of -7 - ((4 - 5) + -6) - 6?
-6
Calculate -5 - (9 - 3 - 6).
-5
What is 5 - (1 - (-7 + 5)) - 6?
-4
-14 + 6 - -5 - -2
-1
-80 - -79 - (-2 + 1 - 4)
4
(-1 - 1) + (-1 - (1 + -4))
0
Calculate -8 + 10 + -1 - (-2 - 3).
6
Evaluate -4 + (6 + 2 - (32 - 27)).
-1
Evaluate 23 + -28 - ((-1 - -1) + -8).
3
Evaluate -6 + (1 - (4 - 11)).
2
10 + (-6 + 2 - 1)
5
What is the value of (2 - (1 - -3)) + (-1 - 0)?
-3
Evaluate -15 + (-9 - (2 - 15)).
-11
Calculate (-9 - -9) + -10 + 17.
7
Evaluate 11 - 11 - (4 - 3).
-1
What is 2 + 6 + -7 - (-1 - -2)?
0
Calculate -6 - -3 - -5 - -3.
5
What is 4 - (4 - 8) - 4?
4
What is the value of -4 + 4 + 1 + -4?
-3
(-8 - (2 - 5)) + 4 + -3
-4
What is the value of 1 - -2 - (2 - (0 - 4))?
-3
Evaluate 1 + -1 + -4 + 4.
0
Evaluate 5 - (-3 - (4 + -9)).
3
What is (-3 - 0) + (3 - 0) + -2?
-2
What is the value of -2 + (-5 - -1) + 5?
-1
What is the value of 2 + (4 - (0 - -3)) + -8?
-5
What is 0 + -6 + 1 + -1 + 2?
-4
(3 - (1 + 9)) + -8 + 15
0
What is the value of 6 + (-9 - -4) + 1?
2
Evaluate 0 - (7 - 5) - -2.
0
What is the value of -4 + -8 + 3 + 4 - -3?
-2
Calculate 4 - 5 - (3 + 0).
-4
What is the value of 2 - 1 - (2 + -3)?
2
Evaluate -1 - (3 - 10 - -9).
-3
-13 + (13 - -5) + -6
-1
(-3 + 2 - 4) + 28 + -17
6
What is (1 - (4 + -3)) + (-4 - -6)?
2
What is the value of (4 - 2) + -1 - (0 - 3)?
4
Evaluate (-1 - (-2 - -6)) + 6.
1
Calculate (6 - (2 - (4 - -3))) + -5.
6
Calculate 7 + -4 + -2 + 0.
1
What is the value of 1 - (-3 + 0 + 1 + 2)?
1
Evaluate (-8 + 6 - 0) + 6 - 3.
1
What is the value of 6 + -3 - (3 + 0) - 3?
-3
Calculate 9 + -7 + -1 + 0.
1
What is 2 - (3 + -2) - (1 - -1)?
-1
Calculate 33 + -32 - (5 + 0 + -2).
-2
Calculate 14 + 9 + -17 + 1.
7
What is the value of 1 - (4 + -1 - 0)?
-2
What is -8 + 0 + -5 + 14?
1
What is the value of -16 + (-5 + -1 - -15)?
-7
What is the value of 6 + (-1 - -2 - 15)?
-8
What is 0 + (-6 - -4) + 5?
3
What is -3 - 1 - ((-3 - -7) + -8)?
0
-57 + 68 - (1 + 5)
5
Evaluate 4 - ((-4 - 0) + (28 - 26)).
6
Calculate 1 + (9 - 8) + (-3 - -1).
0
Evaluate -5 + 14 - 1 - (-2 + 8).
2
What is the value of 2 + -8 - (9 + -6 + -4)?
-5
Evaluate -1 - (-6 + 1 + 4).
0
What is the value of 2 - (5 + (0 - (0 + -1)))?
-4
Wh